{"id":45,"date":"2020-06-27T00:03:45","date_gmt":"2020-06-26T22:03:45","guid":{"rendered":"http:\/\/politykipubliczne.pl\/?page_id=45"},"modified":"2020-06-27T00:03:45","modified_gmt":"2020-06-26T22:03:45","slug":"szukaj","status":"publish","type":"page","link":"https:\/\/politykipubliczne.pl\/en\/szukaj\/","title":{"rendered":"Szukaj"},"content":{"rendered":"<p> Lorem ipsum dolor sit amet, consectetur adipiscing elit, sed do eiusmod  tempor incididunt ut labore et dolore magna aliqua. Ut enim ad minim  veniam, quis nostrud exercitation ullamco laboris nisi ut aliquip ex ea  commodo consequat. Duis aute irure dolor in reprehenderit in voluptate  velit esse cillum dolore eu fugiat nulla pariatur. <\/p>\n\n\n\n<p> Lorem ipsum dolor sit amet, consectetur adipiscing elit, sed do eiusmod  tempor incididunt ut labore et dolore magna aliqua. Ut enim ad minim  veniam, quis nostrud exercitation ullamco laboris nisi ut aliquip ex ea  commodo consequat. Duis aute irure dolor in reprehenderit in voluptate  velit esse cillum dolore eu fugiat nulla pariatur. <\/p>\n\n\n\n<p> Lorem ipsum dolor sit amet, consectetur adipiscing elit, sed do eiusmod  tempor incididunt ut labore et dolore magna aliqua. Ut enim ad minim  veniam, quis nostrud exercitation ullamco laboris nisi ut aliquip ex ea  commodo consequat. Duis aute irure dolor in reprehenderit in voluptate  velit esse cillum dolore eu fugiat nulla pariatur. <\/p>\n\n\n\n<p> Lorem ipsum dolor sit amet, consectetur adipiscing elit, sed do eiusmod  tempor incididunt ut labore et dolore magna aliqua. Ut enim ad minim  veniam, quis nostrud exercitation ullamco laboris nisi ut aliquip ex ea  commodo consequat. Duis aute irure dolor in reprehenderit in voluptate  velit esse cillum dolore eu fugiat nulla pariatur. <\/p>","protected":false},"excerpt":{"rendered":"<p>Lorem ipsum dolor sit amet, consectetur adipiscing elit, sed do eiusmod tempor incididunt ut labore et dolore magna aliqua. Ut enim ad minim veniam, quis nostrud exercitation ullamco laboris nisi ut aliquip ex ea commodo consequat. Duis aute irure dolor in reprehenderit in voluptate velit esse cillum dolore eu fugiat nulla pariatur. Lorem ipsum dolor [&hellip;]<\/p>\n","protected":false},"author":1,"featured_media":0,"parent":0,"menu_order":0,"comment_status":"closed","ping_status":"closed","template":"","meta":{"_acf_changed":false,"_monsterinsights_skip_tracking":false,"_monsterinsights_sitenote_active":false,"_monsterinsights_sitenote_note":"","_monsterinsights_sitenote_category":0,"footnotes":""},"acf":[],"yoast_head":"<!-- This site is optimized with the Yoast SEO plugin v23.5 - https:\/\/yoast.com\/wordpress\/plugins\/seo\/ -->\n<title>Szukaj - Centrum Polityk Publicznych UEK<\/title>\n<meta name=\"robots\" content=\"index, follow, max-snippet:-1, max-image-preview:large, max-video-preview:-1\" \/>\n<link rel=\"canonical\" href=\"https:\/\/politykipubliczne.pl\/en\/szukaj\/\" \/>\n<meta property=\"og:locale\" content=\"en_GB\" \/>\n<meta property=\"og:type\" content=\"article\" \/>\n<meta property=\"og:title\" content=\"Szukaj - Centrum Polityk Publicznych UEK\" \/>\n<meta property=\"og:description\" content=\"Lorem ipsum dolor sit amet, consectetur adipiscing elit, sed do eiusmod tempor incididunt ut labore et dolore magna aliqua. Ut enim ad minim veniam, quis nostrud exercitation ullamco laboris nisi ut aliquip ex ea commodo consequat. Duis aute irure dolor in reprehenderit in voluptate velit esse cillum dolore eu fugiat nulla pariatur. Lorem ipsum dolor [&hellip;]\" \/>\n<meta property=\"og:url\" content=\"https:\/\/politykipubliczne.pl\/en\/szukaj\/\" \/>\n<meta property=\"og:site_name\" content=\"Centrum Polityk Publicznych UEK\" \/>\n<meta property=\"article:publisher\" content=\"https:\/\/www.facebook.com\/CPPUEK\" \/>\n<meta property=\"og:image\" content=\"https:\/\/politykipubliczne.pl\/wp-content\/uploads\/2020\/10\/CPP_ikona.png\" \/>\n\t<meta property=\"og:image:width\" content=\"512\" \/>\n\t<meta property=\"og:image:height\" content=\"512\" \/>\n\t<meta property=\"og:image:type\" content=\"image\/png\" \/>\n<meta name=\"twitter:card\" content=\"summary_large_image\" \/>\n<meta name=\"twitter:site\" content=\"@cppuek\" \/>\n<meta name=\"twitter:label1\" content=\"Estimated reading time\" \/>\n\t<meta name=\"twitter:data1\" content=\"1 minute\" \/>\n<script type=\"application\/ld+json\" class=\"yoast-schema-graph\">{\"@context\":\"https:\/\/schema.org\",\"@graph\":[{\"@type\":\"WebPage\",\"@id\":\"https:\/\/politykipubliczne.pl\/szukaj\/\",\"url\":\"https:\/\/politykipubliczne.pl\/szukaj\/\",\"name\":\"Szukaj - Centrum Polityk Publicznych UEK\",\"isPartOf\":{\"@id\":\"https:\/\/politykipubliczne.pl\/#website\"},\"datePublished\":\"2020-06-26T22:03:45+00:00\",\"dateModified\":\"2020-06-26T22:03:45+00:00\",\"breadcrumb\":{\"@id\":\"https:\/\/politykipubliczne.pl\/szukaj\/#breadcrumb\"},\"inLanguage\":\"en-GB\",\"potentialAction\":[{\"@type\":\"ReadAction\",\"target\":[\"https:\/\/politykipubliczne.pl\/szukaj\/\"]}]},{\"@type\":\"BreadcrumbList\",\"@id\":\"https:\/\/politykipubliczne.pl\/szukaj\/#breadcrumb\",\"itemListElement\":[{\"@type\":\"ListItem\",\"position\":1,\"name\":\"Strona g\u0142\u00f3wna\",\"item\":\"https:\/\/politykipubliczne.pl\/\"},{\"@type\":\"ListItem\",\"position\":2,\"name\":\"Szukaj\"}]},{\"@type\":\"WebSite\",\"@id\":\"https:\/\/politykipubliczne.pl\/#website\",\"url\":\"https:\/\/politykipubliczne.pl\/\",\"name\":\"Centrum Polityk Publicznych UEK\",\"description\":\"Centrum Polityk Publicznych (CPP) jest akademickim o\u015brodkiem bada\u0144 podejmuj\u0105cym kluczowe problemy administracji publicznej, gospodarki publicznej oraz zarz\u0105dzania publicznego.\",\"publisher\":{\"@id\":\"https:\/\/politykipubliczne.pl\/#organization\"},\"potentialAction\":[{\"@type\":\"SearchAction\",\"target\":{\"@type\":\"EntryPoint\",\"urlTemplate\":\"https:\/\/politykipubliczne.pl\/?s={search_term_string}\"},\"query-input\":{\"@type\":\"PropertyValueSpecification\",\"valueRequired\":true,\"valueName\":\"search_term_string\"}}],\"inLanguage\":\"en-GB\"},{\"@type\":\"Organization\",\"@id\":\"https:\/\/politykipubliczne.pl\/#organization\",\"name\":\"Centrum Polityk Publicznych UEK\",\"url\":\"https:\/\/politykipubliczne.pl\/\",\"logo\":{\"@type\":\"ImageObject\",\"inLanguage\":\"en-GB\",\"@id\":\"https:\/\/politykipubliczne.pl\/#\/schema\/logo\/image\/\",\"url\":\"https:\/\/politykipubliczne.pl\/wp-content\/uploads\/2020\/10\/CPP_ikona_2.png\",\"contentUrl\":\"https:\/\/politykipubliczne.pl\/wp-content\/uploads\/2020\/10\/CPP_ikona_2.png\",\"width\":512,\"height\":512,\"caption\":\"Centrum Polityk Publicznych UEK\"},\"image\":{\"@id\":\"https:\/\/politykipubliczne.pl\/#\/schema\/logo\/image\/\"},\"sameAs\":[\"https:\/\/www.facebook.com\/CPPUEK\",\"https:\/\/x.com\/cppuek\",\"https:\/\/pl.wikipedia.org\/wiki\/Centrum_Polityk_Publicznych_Uniwersytetu_Ekonomicznego_w_Krakowie_(CPP_UEK)\"]}]}<\/script>\n<!-- \/ Yoast SEO plugin. -->","yoast_head_json":{"title":"Szukaj - Centrum Polityk Publicznych UEK","robots":{"index":"index","follow":"follow","max-snippet":"max-snippet:-1","max-image-preview":"max-image-preview:large","max-video-preview":"max-video-preview:-1"},"canonical":"https:\/\/politykipubliczne.pl\/en\/szukaj\/","og_locale":"en_GB","og_type":"article","og_title":"Szukaj - Centrum Polityk Publicznych UEK","og_description":"Lorem ipsum dolor sit amet, consectetur adipiscing elit, sed do eiusmod tempor incididunt ut labore et dolore magna aliqua. Ut enim ad minim veniam, quis nostrud exercitation ullamco laboris nisi ut aliquip ex ea commodo consequat. Duis aute irure dolor in reprehenderit in voluptate velit esse cillum dolore eu fugiat nulla pariatur. Lorem ipsum dolor [&hellip;]","og_url":"https:\/\/politykipubliczne.pl\/en\/szukaj\/","og_site_name":"Centrum Polityk Publicznych UEK","article_publisher":"https:\/\/www.facebook.com\/CPPUEK","og_image":[{"width":512,"height":512,"url":"https:\/\/politykipubliczne.pl\/wp-content\/uploads\/2020\/10\/CPP_ikona.png","type":"image\/png"}],"twitter_card":"summary_large_image","twitter_site":"@cppuek","twitter_misc":{"Estimated reading time":"1 minute"},"schema":{"@context":"https:\/\/schema.org","@graph":[{"@type":"WebPage","@id":"https:\/\/politykipubliczne.pl\/szukaj\/","url":"https:\/\/politykipubliczne.pl\/szukaj\/","name":"Szukaj - Centrum Polityk Publicznych UEK","isPartOf":{"@id":"https:\/\/politykipubliczne.pl\/#website"},"datePublished":"2020-06-26T22:03:45+00:00","dateModified":"2020-06-26T22:03:45+00:00","breadcrumb":{"@id":"https:\/\/politykipubliczne.pl\/szukaj\/#breadcrumb"},"inLanguage":"en-GB","potentialAction":[{"@type":"ReadAction","target":["https:\/\/politykipubliczne.pl\/szukaj\/"]}]},{"@type":"BreadcrumbList","@id":"https:\/\/politykipubliczne.pl\/szukaj\/#breadcrumb","itemListElement":[{"@type":"ListItem","position":1,"name":"Strona g\u0142\u00f3wna","item":"https:\/\/politykipubliczne.pl\/"},{"@type":"ListItem","position":2,"name":"Szukaj"}]},{"@type":"WebSite","@id":"https:\/\/politykipubliczne.pl\/#website","url":"https:\/\/politykipubliczne.pl\/","name":"Centrum Polityk Publicznych UEK","description":"Centrum Polityk Publicznych (CPP) jest akademickim o\u015brodkiem bada\u0144 podejmuj\u0105cym kluczowe problemy administracji publicznej, gospodarki publicznej oraz zarz\u0105dzania publicznego.","publisher":{"@id":"https:\/\/politykipubliczne.pl\/#organization"},"potentialAction":[{"@type":"SearchAction","target":{"@type":"EntryPoint","urlTemplate":"https:\/\/politykipubliczne.pl\/?s={search_term_string}"},"query-input":{"@type":"PropertyValueSpecification","valueRequired":true,"valueName":"search_term_string"}}],"inLanguage":"en-GB"},{"@type":"Organization","@id":"https:\/\/politykipubliczne.pl\/#organization","name":"Centrum Polityk Publicznych UEK","url":"https:\/\/politykipubliczne.pl\/","logo":{"@type":"ImageObject","inLanguage":"en-GB","@id":"https:\/\/politykipubliczne.pl\/#\/schema\/logo\/image\/","url":"https:\/\/politykipubliczne.pl\/wp-content\/uploads\/2020\/10\/CPP_ikona_2.png","contentUrl":"https:\/\/politykipubliczne.pl\/wp-content\/uploads\/2020\/10\/CPP_ikona_2.png","width":512,"height":512,"caption":"Centrum Polityk Publicznych UEK"},"image":{"@id":"https:\/\/politykipubliczne.pl\/#\/schema\/logo\/image\/"},"sameAs":["https:\/\/www.facebook.com\/CPPUEK","https:\/\/x.com\/cppuek","https:\/\/pl.wikipedia.org\/wiki\/Centrum_Polityk_Publicznych_Uniwersytetu_Ekonomicznego_w_Krakowie_(CPP_UEK)"]}]}},"_links":{"self":[{"href":"https:\/\/politykipubliczne.pl\/en\/wp-json\/wp\/v2\/pages\/45"}],"collection":[{"href":"https:\/\/politykipubliczne.pl\/en\/wp-json\/wp\/v2\/pages"}],"about":[{"href":"https:\/\/politykipubliczne.pl\/en\/wp-json\/wp\/v2\/types\/page"}],"author":[{"embeddable":true,"href":"https:\/\/politykipubliczne.pl\/en\/wp-json\/wp\/v2\/users\/1"}],"replies":[{"embeddable":true,"href":"https:\/\/politykipubliczne.pl\/en\/wp-json\/wp\/v2\/comments?post=45"}],"version-history":[{"count":1,"href":"https:\/\/politykipubliczne.pl\/en\/wp-json\/wp\/v2\/pages\/45\/revisions"}],"predecessor-version":[{"id":46,"href":"https:\/\/politykipubliczne.pl\/en\/wp-json\/wp\/v2\/pages\/45\/revisions\/46"}],"wp:attachment":[{"href":"https:\/\/politykipubliczne.pl\/en\/wp-json\/wp\/v2\/media?parent=45"}],"curies":[{"name":"wp","href":"https:\/\/api.w.org\/{rel}","templated":true}]}}

<!-- This site is optimized with the Yoast SEO plugin v23.5 - https://yoast.com/wordpress/plugins/seo/ -->
<title>Szukaj - Centrum Polityk Publicznych UEK</title>
<meta name="robots" content="index, follow, max-snippet:-1, max-image-preview:large, max-video-preview:-1" />
<link rel="canonical" href="https://politykipubliczne.pl/en/szukaj/" />
<meta property="og:locale" content="en_GB" />
<meta property="og:type" content="article" />
<meta property="og:title" content="Szukaj - Centrum Polityk Publicznych UEK" />
<meta property="og:description" content="Lorem ipsum dolor sit amet, consectetur adipiscing elit, sed do eiusmod tempor incididunt ut labore et dolore magna aliqua. Ut enim ad minim veniam, quis nostrud exercitation ullamco laboris nisi ut aliquip ex ea commodo consequat. Duis aute irure dolor in reprehenderit in voluptate velit esse cillum dolore eu fugiat nulla pariatur. Lorem ipsum dolor [&hellip;]" />
<meta property="og:url" content="https://politykipubliczne.pl/en/szukaj/" />
<meta property="og:site_name" content="Centrum Polityk Publicznych UEK" />
<meta property="article:publisher" content="https://www.facebook.com/CPPUEK" />
<meta property="og:image" content="https://politykipubliczne.pl/wp-content/uploads/2020/10/CPP_ikona.png" />
	<meta property="og:image:width" content="512" />
	<meta property="og:image:height" content="512" />
	<meta property="og:image:type" content="image/png" />
<meta name="twitter:card" content="summary_large_image" />
<meta name="twitter:site" content="@cppuek" />
<meta name="twitter:label1" content="Estimated reading time" />
	<meta name="twitter:data1" content="1 minute" />
<script type="application/ld+json" class="yoast-schema-graph">{"@context":"https://schema.org","@graph":[{"@type":"WebPage","@id":"https://politykipubliczne.pl/szukaj/","url":"https://politykipubliczne.pl/szukaj/","name":"Szukaj - Centrum Polityk Publicznych UEK","isPartOf":{"@id":"https://politykipubliczne.pl/#website"},"datePublished":"2020-06-26T22:03:45+00:00","dateModified":"2020-06-26T22:03:45+00:00","breadcrumb":{"@id":"https://politykipubliczne.pl/szukaj/#breadcrumb"},"inLanguage":"en-GB","potentialAction":[{"@type":"ReadAction","target":["https://politykipubliczne.pl/szukaj/"]}]},{"@type":"BreadcrumbList","@id":"https://politykipubliczne.pl/szukaj/#breadcrumb","itemListElement":[{"@type":"ListItem","position":1,"name":"Strona główna","item":"https://politykipubliczne.pl/"},{"@type":"ListItem","position":2,"name":"Szukaj"}]},{"@type":"WebSite","@id":"https://politykipubliczne.pl/#website","url":"https://politykipubliczne.pl/","name":"Centrum Polityk Publicznych UEK","description":"Centrum Polityk Publicznych (CPP) jest akademickim ośrodkiem badań podejmującym kluczowe problemy administracji publicznej, gospodarki publicznej oraz zarządzania publicznego.","publisher":{"@id":"https://politykipubliczne.pl/#organization"},"potentialAction":[{"@type":"SearchAction","target":{"@type":"EntryPoint","urlTemplate":"https://politykipubliczne.pl/?s={search_term_string}"},"query-input":{"@type":"PropertyValueSpecification","valueRequired":true,"valueName":"search_term_string"}}],"inLanguage":"en-GB"},{"@type":"Organization","@id":"https://politykipubliczne.pl/#organization","name":"Centrum Polityk Publicznych UEK","url":"https://politykipubliczne.pl/","logo":{"@type":"ImageObject","inLanguage":"en-GB","@id":"https://politykipubliczne.pl/#/schema/logo/image/","url":"https://politykipubliczne.pl/wp-content/uploads/2020/10/CPP_ikona_2.png","contentUrl":"https://politykipubliczne.pl/wp-content/uploads/2020/10/CPP_ikona_2.png","width":512,"height":512,"caption":"Centrum Polityk Publicznych UEK"},"image":{"@id":"https://politykipubliczne.pl/#/schema/logo/image/"},"sameAs":["https://www.facebook.com/CPPUEK","https://x.com/cppuek","https://pl.wikipedia.org/wiki/Centrum_Polityk_Publicznych_Uniwersytetu_Ekonomicznego_w_Krakowie_(CPP_UEK)"]}]}</script>
<!-- / Yoast SEO plugin. -->

Strona główna

Centrum Polityk Publicznych (CPP) jest akademickim ośrodkiem badań podejmującym kluczowe problemy administracji publicznej, gospodarki publicznej oraz zarządzania publicznego.
